(a) = -a**2 + a + 1. Let v be i(2). Let c(p) be the second derivative of -9*p**5/20 + p**4/6 - p**2/2 - p. Give c(v).
10
Let j(k) = -4*k - 3. Suppose -8 = -2*h + 4*q, 4 = 4*h - 4*q - q. Calculate j(h).
13
Let x(h) = 7*h**2 - 5. Let f(w) = -20*w**2 + 15. Let b(z) = -6*f(z) - 17*x(z). What is b(0)?
-5
Let i(b) be the second derivative of b**3/6 - b**2/2 - b. Let n be ((-75)/10 - -6) + 12/8. What is i(n)?
-1
Let a(p) = 5*p + 4*p - p - 3*p - 6 - 2*p. Let j be (2/3)/((-2)/(-12)). Calculate a(j).
6
Let w(s) = 3*s**3 - 2*s + 2. Let c(r) = 16*r**3 + r**2 - 10*r + 11. Let h(i) = -2*c(i) + 11*w(i). Determine h(3).
3
Let d be (-54)/(-15) + (-32)/(-80). Let x(j) = 4 - 1 + j**2 - 6*j + j. Calculate x(d).
-1
Let l(y) = y**3 - 7*y**2 - 7*y - 6. Let k be l(8). Let s(x) = 3 - k*x + 0*x + 2*x + 2*x. Give s(-5).
-7
Let x(p) be the first derivative of -p**4/4 + 8*p**3/3 - p**2 + 9*p - 65. Determine x(8).
-7
Suppose 0*d - 3*c = -d + 12, -6 = 3*c. Let n(x) = -x**2 + 10*x - 4. Give n(d).
20
Suppose 0*p - 2 = -2*p. Suppose -4 = 5*s + f - 14, -31 = -2*s + 5*f. Let d(n) = -2*n**2 - n + 1 + 3*n**2 + s*n**3 - 3*n**3 - 6*n**3. Determine d(p).
-5
Let u be ((-10)/(-60))/(32/30 + -1). Let v(n) be the first derivative of u*n**2 + 1/4*n**4 - 2*n + 1 - 4/3*n**3. Determine v(3).
4
Let x(j) = -8*j**2 + 7*j - 6. Let h(o) = -5*o**2 - 7*o - o + 0*o + 13*o**2 + 7. Let s(u) = -6*h(u) - 7*x(u). Let b be 1 - (-1 + 0) - 1. What is s(b)?
7
Let k(n) = 11*n - 17. Let y(z) = 5*z - 8. Let a(w) = 4*k(w) - 9*y(w). Determine a(7).
-3
Let b(d) = -3*d + 6. Let k be (0 - -1)*(2 - (-5 - -3)). Give b(k).
-6
Suppose -4*x + 3 = -l, -5*x = 2*l - 23 + 3. Let n(z) = z**x - 2*z**2 + 2 - z**2 + 2*z. Suppose -4 - 4 = -4*g. What is n(g)?
-2
Let x(f) = -2 - 3*f - 2 - 3 + 4. Calculate x(-2).
3
Suppose -1 = 3*m + 5*f - 2, 0 = -4*m - 2*f + 6. Let s(y) = -3 - 5*y**3 - 2*y + m*y**2 - y**3 + 4*y**3 + 3*y**3. Give s(-2).
1
Let x(t) = -t + 3. Suppose -2*q + 11 = 5. Let l = 0 + q. Determine x(l).
0
Let t(y) = -y - 1. Let n(f) = -f - 10. Let a(u) = -n(u) + 3*t(u). Give a(5).
-3
Let n(k) be the second derivative of k**5/20 + k**4/6 - k**3/6 + k**2/2 - 15*k. Calculate n(-2).
3
Let p be 4/18 - (-440)/45. Let j = p - 14. Let f(v) = v**3 + 4*v**2 + 4*v + 1. Determine f(j).
-15
Let t(h) = -h - 14. Suppose -19 = v + 6. Let j be 2/10 + 155/v. Determine t(j).
-8
Let l(p) = 9*p**3 + 2*p**2 + p. Let q be 39/(-65) + 2/(-5). What is l(q)?
-8
Let s(z) = 6*z**2 - 5*z**2 - 4 + 1 + z**2 - 5*z. What is s(4)?
9
Let q(l) = -1 + l - l - l. Let h(o) = -o**3 + 2*o + 10. Let y(b) = -h(b) - 3*q(b). What is y(0)?
-7
Let w(s) = 1 + s + 3 + s**3 - 3 + 6*s**2. Suppose 0 = -0*f - f - 6. Determine w(f).
-5
Let c(w) = w**3 - 8*w**2 + 8*w - 10. Let k be c(7). Let u(o) = -o + 2. Let d(t) = -t + 1. Let s(p) = -2*d(p) + u(p). Determine s(k).
-3
Let d(s) = -s**2 + 4*s - 6. Let h = 28 - 23. Determine d(h).
-11
Let w(t) be the first derivative of t**4/4 + t**2/2 + 6*t + 13. What is w(0)?
6
Suppose 18 = 4*l - 2*s, -2*s + 0 = 3*l + 4. Let z(a) = -3*a + 5 + a**l - 3*a - a. What is z(5)?
-5
Suppose 0 = -0*t + 3*t - 12. Suppose 12 = t*v - 8. Let h(k) = -5*k**2 + 4*k**3 + 2*k - 3 - k**3 - 2*k**3. Give h(v).
7
Suppose -18 = -3*x + 33. Let v be x - 2*2/4. Suppose -3*i = -i + 2*d - 16, 0 = -3*i + d + v. Let w(f) = f**3 - 6*f**2 + 2*f - 4. What is w(i)?
8
Let w(d) be the second derivative of d**3/6 + 3*d**2 - 2*d. Let z be w(-7). Let c(s) = 7*s**3 - 4*s**3 - 4*s + 3*s - 1. Give c(z).
-3
Let g = 7 + 1. Let h(x) = -x**2 + 10*x - 7. Give h(g).
9
Let f(j) be the second derivative of -j**3/6 + 3*j**2 + 2*j. Let k be f(4). Suppose 0*b - k = 2*b. Let n(y) = 10*y**3 + y**2 - y - 1. Determine n(b).
-9
Let w be -1*(7 - 1) - -2. Let p(k) = 3 - 6*k + 9*k + 3. Calculate p(w).
-6
Let x = 9 + -5. Suppose 0 = x*s - 6 + 2. Let n(w) = 2 + 8*w - 2. Give n(s).
8
Suppose -2*v - 7*y = -3*y - 14, -4*v - 2*y = -16. Suppose 0*h - v*h + 12 = 0. Let b(x) = 2*x - 2 - x - 2*x. What is b(h)?
-6
Let i(s) = -3*s - 1. Let d(a) = -4*a - 1. Let o(u) = 2*d(u) - 3*i(u). Suppose -m + x - 15 = 4*m, -9 = 3*m + 5*x. What is o(m)?
-2
Let v(f) = -2 + 8*f**3 - 3*f**3 + 3*f**2 + f**2 - 4*f**3. Give v(-2).
6
Suppose 2*k = q - 4*q - 17, 0 = 5*q + k + 33. Let f(n) = -n**3 - 7*n**2 + 6. Calculate f(q).
6
Let j(v) = -4 + v + v + 9*v**2 + 0*v - 8*v**2. Let m = 1 - 4. Calculate j(m).
-1
Let g(f) be the second derivative of -f**3/6 + 2*f**2 + 6*f. Calculate g(5).
-1
Suppose 0*h = -5*h - 5. Let d be h*4/(-8)*-2. Let x(w) = 8*w. Let l(i) = 4*i. Let f(b) = 11*l(b) - 6*x(b). Calculate f(d).
4
Let n be (-4)/(-8)*16/4. Let y(u) = -u**3 - u**2 + u. Determine y(n).
-10
Let m(a) be the second derivative of 1/2*a**3 + 0 + 2*a - 1/12*a**4 + 2*a**2. Determine m(3).
4
Let f(g) = -g - 9 + 9. Let x(o) = -o**2 - 12*o - 14. Let j be x(-10). Give f(j).
-6
Let d(y) be the third derivative of y**6/120 + y**5/15 - 5*y**4/24 + 2*y**3/3 - 40*y**2. Let t = 2 - 7. Give d(t).
4
Let s(w) be the second derivative of w**3/6 - 3*w**2 - 6*w. Let b(y) = 1. Let h(x) = -b(x) - s(x). Calculate h(0).
5
Let k = -6 + 2. Let u = 7 - 4. Let s(a) = 3 + 2*a**2 + 4*a**2 - u*a**2 + a**3 - 5*a. What is s(k)?
7
Let z = 4 - 2. Let d(r) = -2*r + r + z*r**2 + 2*r**2 - r**3 + 2 - 3*r**2. Give d(0).
2
Let h(z) be the first derivative of z**3/3 + 3*z**2 + 3*z - 10. Calculate h(-3).
-6
Let w(k) = 15*k - 5*k - 2 + 1 + 0*k. Suppose 2*v = 3*v + l + 1, 0 = 5*v - l - 7. Give w(v).
9
Let k(m) = 2*m**2 + 2*m - 4. Let g(j) = 0 + 6*j - 11 + 0*j + 5*j**2. Let v(a) = -4*g(a) + 11*k(a). Calculate v(3).
12
Let o(g) be the second derivative of 3*g + g**2 + 5/12*g**4 - 1/20*g**5 - 1/2*g**3 + 0. Suppose 3*h + 2*u = 22, 2*h + u = -u + 18. Calculate o(h).
6
Let b(s) = s + 11. Let i(n) = -2*n**3 - n**2 - 3*n + 1. Let t be i(2). Let m be t*3*(-1)/5. Suppose -3*p - m = -0*p. Give b(p).
6
Let d(i) = i**3 + 7*i**2 + 5*i - 7. Let z = 8 - 8. Let t be (-4 + z)*(0 - -2). Let w = t + 2. What is d(w)?
-1
Let b(k) be the second derivative of -k**5/20 + k**4/12 + k**2 + 2*k. What is b(3)?
-16
Let c(b) = b**3 + 6*b**2 - 8*b. Let p(m) = -7*m**2 - 2*m + 2. Let l be p(1). Calculate c(l).
7
Let h(o) = 2*o + 9. Let b = 6 + -13. Let n be h(b). Let i(r) = -r**3 - 4*r**2 + 4*r - 4. What is i(n)?
1
Let b(n) = n**3 - 2*n**2 + n - 3. Let t be b(0). Let d(a) = a**2 + 2*a - 4. What is d(t)?
-1
Let x(v) = -v - 12. Let d(u) = u**2 + 13*u - 11. Let f be d(-13). Give x(f).
-1
Let s(x) = -3 + 0 + 2. Let q(p) = -p + 1. Let y(h) = -q(h) - 3*s(h). Suppose 2*c - 16 = -4*r, 2 = -c + r + 2*r. Give y(c).
6
Let c(v) be the first derivative of 6 + 1/4*v**4 + 0*v + 3/2*v**2 + 4/3*v**3. Let w = 1 - 4. Determine c(w).
0
Let q(d) = 9*d**2 + 6*d + 3. Let u(p) be the third derivative of p**5/15 + p**4/8 + p**3/6 - p**2. Let k(w) = 3*q(w) - 7*u(w). Give k(-3).
2
Let s(o) = o**3 + o - 1. Let l be ((-9)/(-18))/((-3)/(-6)). What is s(l)?
1
Let p(w) = 15*w + 1. Let d(o) = -23*o - 1. Let s(f) = 5*d(f) + 8*p(f). What is s(-2)?
-7
Let w = 13 - 10. Let u(o) = -o**2 + 3*o + 2. Determine u(w).
2
Let n(x) = x**2 - 4*x - 7. Let g(f) = -f**2 + 2*f + 3. Let k(v) = -9*g(v) - 4*n(v). Give k(1).
4
Let h(t) = 4*t**2 - 7*t + 10. Let k(w) = -7*w**2 + 13*w - 19. Let r(j) = -11*h(j) - 6*k(j). Calculate r(3).
-17
Let c(u) be the first derivative of -u**3/3 - 2*u**2 + 2*u + 2. Let m be ((-8)/3)/((-2)/(-6)) + 2. Give c(m).
-10
Let k(m) = -m**2 - 13*m - 11. Let g = 106 - 118. Determine k(g).
1
Suppose 26 = -4*h + 2. Let w be -15*2/h*1. Let j(b) = -b**2 + 8*b - 3. Calculate j(w).
12
Let n(l) = -1 - 4*l - 5*l - 7*l**2 + 2*l + 6*l. Let u(o) = 8*o**2 + o + 1. Let w(z) = -5*n(z) - 4*u(z). Calculate w(-1).
3
Suppose -18 = 2*s + s - 5*t, -5*t = 4*s - 11. Let g(v) = 2*v**3 - 4*v**2 + 2*v + 5. Let c(r) = -r**3 + r**2 - r - 1. Let j(n) = s*g(n) - 3*c(n). Determine j(0).
-2
Suppose -b - 4 + 2 = 0. Let l be 44/(-7) - b/7. Let a(q) = -q**2 - 5*q + 3. Give a(l).
-3
Let s(g) be the first derivative of -g**2/2 - 9*g + 10. What is s(0)?
-9
Let q(d) = -1 + 3 + 0 + 35*d - 36*d. Calculate q(-5).
7
Let l = -168 - -162. Let o(h) = -3 + 5*h + 3 + 6 + h**2. Give o(l).
12
Let t(j) = -10*j**3 + 2*j - 1. Let c be t(1). Let z = c - -4. Let s(o) = o**2 + 4*o + 1. Determine s(z).
6
Let b = 64 + -40. Suppose k - 5*k + b = 0. Suppose -k = -3*s + 3. Let i(w) = w**2 - 3*w - 3. What is i(s)?